7083 = -7*s. Is s composite?
True
Let t(o) = 1114*o + 1653. Is t(61) a prime number?
False
Is (-17040025)/219*(-2)/(-10)*-3 a prime number?
False
Let l be 1*(-4 + -1)/(-5). Let z be ((-236)/16*l)/(2/(-8)). Let s = 172 - z. Is s a prime number?
True
Suppose 0*h - 33 = -3*h - 3*q, 2*q = 2. Let u be ((-2)/(h/(-25)))/((-1)/31). Let j = 44 - u. Is j composite?
False
Is (3 + (-34)/10)/(1 + (-3733785)/3733775) a prime number?
True
Suppose 3*m + 168*m - 2787086 - 42005167 = 0. Is m a composite number?
True
Suppose -28*p - 8836203 + 24655727 = 0. Is p a prime number?
True
Let n(d) = -3*d + 12. Let b be n(-3). Suppose -b*u + 1756 = -17*u. Is u a composite number?
False
Suppose 7*o - 5*o = 118. Let m = o - 53. Suppose 3*z + 2*f = m*f + 93, 2*f = 0. Is z prime?
True
Suppose -9*g + 260962 = 17*g. Is g composite?
False
Let m(w) = -4. Let s(f) = -5597*f + 59. Let c(g) = -6*m(g) - s(g). Is c(6) a prime number?
True
Let v = 5930 + -3431. Let a = 1103 + v. Is a a composite number?
True
Let z = -395 + 398. Is (z/(-15) - 10/(-50)) + 6483 a prime number?
False
Suppose 406 = t - 14. Let g(p) = -117*p + 5. Let w be g(2). Let o = w + t. Is o a composite number?
False
Suppose 19*q - 517967 = 410316. Suppose 19*n - q = 56004. Is n a prime number?
True
Is (-43)/(-5)*68565/(26 + -5) a composite number?
True
Let v(r) = -8*r**3 + 38*r**2 - 137*r + 18. Let m be v(-33). Suppose -15*u + 8*u = -m. Is u a prime number?
False
Let l be 46/(-8) + (-1)/4. Suppose -18 = -0*q + 3*q. Is (-926)/l + (-4)/q a prime number?
False
Suppose -4*b + 2 + 2 = 3*h, 5*h - 20 = 0. Let u be (b - (-28)/8)*4/(-6). Let f(j) = -1259*j**3 - 2*j - 2. Is f(u) prime?
True
Let c be -2897 + 0/(4*6/(-12)). Let z = 9142 + c. Is z composite?
True
Let n(l) = l**3 + 13*l**2 - 14*l - 5. Let u be (-150)/(-4) - 4/(-8). Suppose -h = 3*d + u, -5 = h - 3. Is n(d) a composite number?
False
Let j(b) = 195*b**2 + 94*b - 22. Is j(9) a prime number?
True
Let i be -2 - (1 + -5) - -65. Is i/1 + (-1 - (-6 + 3)) prime?
False
Suppose 0 = p + 200 - 220. Is (17898/9)/(p/30) a prime number?
False
Is (-748053550)/(-3060) - 1/(-18) a prime number?
False
Suppose 0 = -5*a - t + 34662, 4*a + 5*t - 34670 = -a. Let b = a + -3933. Is b composite?
False
Let n be (3 + -1 + 0)*1. Let v(t) = t**n - 87*t**3 - 4*t - 5*t**2 - 16 + 13. Is v(-2) a prime number?
False
Let c(n) = 13161*n + 205. Is c(6) prime?
False
Let t(f) = 1545*f**3 - 9*f**2 + 181*f - 664. Is t(6) a composite number?
True
Suppose -m + 0*m = -3*p - 9699, 2*p + 19382 = 2*m. Suppose -5*a = -5*z - 11610, -2722 = 3*a - 2*z - m. Is a prime?
False
Suppose a - 5*y = 15210, 3333 - 79337 = -5*a + 2*y. Suppose -5*f + 0*f = -2*i - 76035, f = -i + a. Is f composite?
True
Let g(l) = -4801*l + 1721. Is g(-12) a prime number?
True
Let n(v) = 1480*v - 829. Is n(59) prime?
True
Suppose -h + 1390110 + 29562055 = 184*h. Is h prime?
True
Suppose -86026 = 13*j - 296587. Is j a prime number?
False
Suppose -12*r + 460055 = -1695787 + 633966. Is r a prime number?
True
Let l = 137 - 135. Suppose -2*t - 2*v + 23352 = 0, -2*v - 23332 = -0*t - l*t. Is t a prime number?
False
Suppose -444467 = -5*b - 2*g, 3*g - 73578 - 15331 = -b. Is b a prime number?
False
Let g be (-2*5/10)/(2/114). Let w = g + 415. Is w a composite number?
True
Let t(a) = a**3 + 17*a**2 - 16*a + 48. Let k be t(-18). Let d(g) = 3*g**2 - 4*g - 53. Is d(k) composite?
False
Is (-2)/(8/(-6)*123/19380290) composite?
True
Suppose 1087*z - 4843961 = 1040*z. Is z composite?
True
Suppose 0 = f - s - 28843, 2*f + 3*s - 13953 = 43713. Is (-24)/18 - f/(-9) prime?
True
Suppose 4*a + 4*k = -0*a + 396032, 2*a - 5*k - 197995 = 0. Is a composite?
True
Suppose 2*r + 4 = 0, -2*p - 8*r - 22916 = -11*r. Let v = p + 16322. Is v prime?
True
Let y(n) be the first derivative of 4*n**3 + 5*n**2/2 - 20*n - 185. Is y(-6) prime?
False
Let j(s) be the second derivative of 19*s**4/12 - s**3/3 - 5*s**2/2 + s - 6. Is j(-4) composite?
False
Suppose 4 = -s, 4*z + 315 = -4*s - 309. Is (-6320863)/z - (-6)/16 a composite number?
True
Let f(y) = 431*y**2 + 28*y + 2824. Is f(-37) a prime number?
True
Let y be (7 - 1) + 4*147/14. Suppose 4*l + 17 = 333. Let i = l + y. Is i a composite number?
False
Suppose 8*r - 7820 = -2*r. Suppose -780*b - 20014 = -r*b. Is b prime?
True
Suppose -d - 213695 = -5*m, 48*m + d + 170956 = 52*m. Is m prime?
False
Is (845138/6)/1 + (-26)/(-39) a composite number?
True
Let d(o) = 3*o**3 + 8*o**2 - 8*o - 14. Let k be d(-6). Is (-6 + -5)/(2/k) prime?
False
Is ((-372664)/(-592))/(1/14) a prime number?
False
Let v(q) = -q**3 + 5*q**2 - 3*q + 22. Let h be v(5). Suppose -3*s = r - h*s - 49, 0 = 5*r + 3*s - 268. Is r a prime number?
True
Let r be (-3 - 0)/(1/1 - 2). Suppose -2*c + r = -y - 2, 0 = -2*c - 2*y + 20. Suppose -3*v + 3*x + 3014 = -v, 3006 = 2*v - c*x. Is v prime?
False
Suppose 29*g - 15*g - 37629902 = -72*g. Is g prime?
True
Let h(n) be the first derivative of 340*n**3 + 11*n**2/2 + 10*n - 210. Is h(3) composite?
True
Suppose -4*b + 0*m = -3*m, 2*m = 8. Suppose -16 = -2*i + 3*h - 50, 3*i + 48 = b*h. Is (-2 + i/(-4))*35368/12 composite?
False
Let t = -498 + 2095. Suppose -i = u - 1597, 4*i - t = 3*i - 3*u. Is i prime?
True
Suppose 5 = -58*u + 59*u. Suppose -2*k + c - 12587 = -u*k, c = -4*k + 16784. Suppose k = h + 2*h. Is h prime?
True
Let r(i) = 6*i**3 - 9*i**2 + 6*i - 2. Let b(f) = 7*f**3 - 10*f**2 + 7*f - 2. Let z(h) = -5*b(h) + 6*r(h). Let k be z(3). Is ((-9)/(-6))/(k/(-1136)) composite?
True
Let v be (11/(-9) - -1) + 303/27. Suppose -4614 = -v*a + 5*a. Is a composite?
False
Suppose -5*k = 3*q + 272, 0*k - q + 221 = -4*k. Let a = k - -54. Is a + 12036/27 - (-4)/18 composite?
True
Let t(s) = s**3 - 8*s**2 - 34*s - 11. Let b be ((-9)/((-81)/(-114)))/((-8)/12). Is t(b) prime?
False
Let b(s) = s**3 + 44*s**2 + 129*s - 85. Is b(-36) composite?
False
Let g(q) = -q**3 - 6*q**2 + 20*q - 15. Let r be g(-9). Is (-17)/(102/r) + 2245 composite?
False
Let k(g) = -10592*g - 7641. Is k(-12) prime?
False
Let g = 68 + -63. Let c = g + 12. Suppose c*n = 3*n + 10682. Is n a composite number?
True
Let w(f) = -2*f - 8. Let p be w(-4). Suppose p = 16*s - 45088 - 144. Is s prime?
False
Let b = 12745 + 57109. Suppose 2*r - 5*h = -12196 + b, 4*r + 5*h - 115316 = 0. Is r prime?
False
Let q be -19 + 25 + (-1 - 3). Is (163968/108 - 7) + q/(-9) composite?
False
Suppose 42*u + 3*m - 1340953 = 40*u, -u + 4*m = -670493. Is u composite?
True
Suppose 4*f = 6 - 2. Suppose 0 = u - f - 5. Is 2/u*3426*6/12 a composite number?
False
Let v(o) be the third derivative of 1769*o**4/24 + 2*o**3/3 + 25*o**2. Let s be v(3). Let r = s + -2292. Is r prime?
True
Let p(z) = z**3 + z**2 - z - 1. Let c(f) = -6*f**3 + 10*f**2 + 40. Let h = -125 - -120. Let b(n) = h*p(n) - c(n). Is b(18) prime?
False
Let i(m) = -1484*m + 5519. Is i(-61) a prime number?
True
Suppose -9*p - 74090 = -5*a - 14*p, -a - 5*p = -14834. Suppose 0 = 2*z - 4*n - a, 4*z = 3*z - n + 7413. Is z a prime number?
True
Suppose -30 = 12*t - 114. Suppose -4*l + 8 = -4*d, t*d + 16 = 2*d + 3*l. Is (-24)/(-60) - 1583/d composite?
False
Suppose -i + 3*l + 313537 = 0, -i - 4*l - 135340 = -448891. Is i a prime number?
True
Suppose 69*n = -99*n + 4701144. Is n a composite number?
False
Let m be ((-73)/(-15) - 0) + (-6)/(-45). Let g(z) = 13*z - 5*z**3 + 11*z**3 - m*z**3 - 46 - 19*z**2. Is g(21) prime?
True
Let p(o) = 175*o**3 + 3*o**2 - 2*o - 25. Is p(4) a prime number?
False
Is ((-133)/19 + 11)*(-30289)/(-4) prime?
False
Is 226/12*(16 + 5846) composite?
True
Suppose -57*u + 83*u = 1118806. Is u composite?
True
Let x(r) = -468*r - 103. Let j be (1 - 6) + (4 - 5). Is x(j) composite?
True
Suppose 9*r = 25*r - 8717 - 3203. Is r a composite number?
True
Let y(p) = -p**2 + 11*p + 1. Let n(t) = -6*t - 1. Let j(m) = -7*n(m) - 3*y(m). Let u be j(-4). Suppose u*q = 12*q + 508. Is q a prime number?
True
Suppose o + 3*o + 4*n = -264, o - 3*n = -70. Let w = o + 72. Suppose m = -2*t + 7410, w*m - 3 + 23 = 0. Is t composite?
True
Let f be (7*(1 + -3))/(1/(-2)). Let t = 25 - f. Is (t - (-14)/4) + (-6386)/(-4) prime?
True
Suppose 44*n - 46*n = 0. Let j be 5 + n - (11 + -11). Suppose 0 = -4*f + j*i + 4328, -3*f + 5*i + 4720 - 1469 = 0. Is f prime?
False
Let j be 9694 - 1 - 5/(10/4). Let h = 17935 - j. Suppose -6*d = -h - 2346. Is d prime?
False
Let h = 391 